{"id":102,"date":"2022-02-08T18:33:56","date_gmt":"2022-02-08T17:33:56","guid":{"rendered":"https:\/\/gdrchalco.cnrs.fr\/?page_id=102"},"modified":"2022-02-15T09:50:56","modified_gmt":"2022-02-15T08:50:56","slug":"applications-energie-thermique","status":"publish","type":"page","link":"https:\/\/gdrchalco.cnrs.fr\/?page_id=102&lang=fr","title":{"rendered":"Applications Energie Thermique"},"content":{"rendered":"\t\t<div data-elementor-type=\"wp-page\" data-elementor-id=\"102\" class=\"elementor elementor-102\">\n\t\t\t\t\t\t<section class=\"elementor-section elementor-top-section elementor-element elementor-element-36ed22bb elementor-section-boxed elementor-section-height-default elementor-section-height-default\" data-id=\"36ed22bb\" data-element_type=\"section\" data-e-type=\"section\">\n\t\t\t\t\t\t<div class=\"elementor-container elementor-column-gap-default\">\n\t\t\t\t\t<div class=\"elementor-column elementor-col-100 elementor-top-column elementor-element elementor-element-6c33fa64\" data-id=\"6c33fa64\" data-element_type=\"column\" data-e-type=\"column\">\n\t\t\t<div class=\"elementor-widget-wrap elementor-element-populated\">\n\t\t\t\t\t\t<div class=\"elementor-element elementor-element-2ee78b5 elementor-widget elementor-widget-image\" data-id=\"2ee78b5\" data-element_type=\"widget\" data-e-type=\"widget\" data-widget_type=\"image.default\">\n\t\t\t\t<div class=\"elementor-widget-container\">\n\t\t\t\t\t\t\t\t\t\t\t\t\t\t\t<img decoding=\"async\" src=\"https:\/\/gdrchalco.cnrs.fr\/wp-content\/uploads\/2022\/02\/logo_energetique-1.png\" title=\"\" alt=\"\" loading=\"lazy\" \/>\t\t\t\t\t\t\t\t\t\t\t\t\t\t\t<\/div>\n\t\t\t\t<\/div>\n\t\t\t\t<div class=\"elementor-element elementor-element-ba2ac87 elementor-widget elementor-widget-image\" data-id=\"ba2ac87\" data-element_type=\"widget\" data-e-type=\"widget\" data-widget_type=\"image.default\">\n\t\t\t\t<div class=\"elementor-widget-container\">\n\t\t\t\t\t\t\t\t\t\t\t\t\t\t\t<img fetchpriority=\"high\" decoding=\"async\" width=\"300\" height=\"298\" src=\"https:\/\/gdrchalco.cnrs.fr\/wp-content\/uploads\/2022\/02\/logo_energetique-300x298.png\" class=\"attachment-medium size-medium wp-image-268\" alt=\"\" srcset=\"https:\/\/gdrchalco.cnrs.fr\/wp-content\/uploads\/2022\/02\/logo_energetique-300x298.png 300w, https:\/\/gdrchalco.cnrs.fr\/wp-content\/uploads\/2022\/02\/logo_energetique-150x150.png 150w, https:\/\/gdrchalco.cnrs.fr\/wp-content\/uploads\/2022\/02\/logo_energetique.png 730w\" sizes=\"(max-width: 300px) 100vw, 300px\" \/>\t\t\t\t\t\t\t\t\t\t\t\t\t\t\t<\/div>\n\t\t\t\t<\/div>\n\t\t\t\t<div class=\"elementor-element elementor-element-152fc65a elementor-widget elementor-widget-text-editor\" data-id=\"152fc65a\" data-element_type=\"widget\" data-e-type=\"widget\" data-widget_type=\"text-editor.default\">\n\t\t\t\t<div class=\"elementor-widget-container\">\n\t\t\t\t\t\t\t\t\t<p><\/p>\n<p>La crise de l\u2019\u00e9nergie ainsi que les probl\u00e8mes \u00e9cologiques sont consid\u00e9r\u00e9s comme les d\u00e9fis parmi les plus importants de demain. Dans ce contexte, les mat\u00e9riaux chalcog\u00e9nures sont aussi tr\u00e8s \u00e9tudi\u00e9s et largement utilis\u00e9s afin de promouvoir un futur o\u00f9 seraient valoris\u00e9es les \u00e9nergies renouvelables limitant les rejets de CO<sub>2<\/sub> (thermo\u00e9lectricit\u00e9, cellules photovolta\u00efques, batteries, \u2026).<br \/>Dans le domaine de la thermo\u00e9lectricit\u00e9, gr\u00e2ce \u00e0 leur caract\u00e8re semi\u2010conducteur \u00e0 faible gap, de nombreuses phases cristallines de chalcog\u00e9nures pr\u00e9sentent des figures de m\u00e9rite thermo\u00e9lectrique (ZT) parmi les plus \u00e9lev\u00e9es du domaine (Bi<sub>2<\/sub>Te<sub>3<\/sub>, Bi<sub>2<\/sub>Se<sub>3<\/sub>, Sb<sub>2<\/sub>Te<sub>3<\/sub>,\u2026) et font donc l\u2019objet de produits commerciaux (ex. des dispositifs Peltier majoritairement \u00e0 base de Bi2Te3) et d\u2019intenses recherches afin d\u2019am\u00e9liorer encore leur pouvoir de conversion via l\u2019ing\u00e9nierie des mat\u00e9riaux (alliages et h\u00e9t\u00e9rostructures, nanostructuration\/nanocomposites, dopage \u2026) afin de pouvoir diminuer le transport thermique (principalement en jouant sur la diffusion des phonons) sans affecter le transport \u00e9lectronique et donc leur conductivit\u00e9 \u00e9lectronique.<br \/>Dans le domaine de l&rsquo;\u00e9nergie photovolta\u00efque, de grands espoirs reposent sur l&rsquo;utilisation de cellules en couches minces chalcog\u00e9nures pour atteindre des co\u00fbts comp\u00e9titifs compar\u00e9s \u00e0 ceux des \u00e9nergies fossiles et avec l\u2019espoir de rendements de conversion pouvant concurrencer la technologie PV dominante principalement \u00e0 base de Si. Le mat\u00e9riau avec le rendement de conversion le plus \u00e9lev\u00e9 fait partie de la famille de chalcog\u00e9nures est un alliage \u00e0 base de Cu-In-Ga-Se plus commun\u00e9ment appel\u00e9 CIGS. Parall\u00e8lement, le \u00ab dopage \u00bb des mat\u00e9riaux chalcog\u00e9nures \u00e0 base de S ou Se par des ions alcalins (Li, Na) leur conf\u00e8re des conductivit\u00e9s ioniques jusqu\u2019\u00e0 1000 fois plus \u00e9lev\u00e9es que celle de leurs homologues oxydes. Grace \u00e0 cette propri\u00e9t\u00e9, les chalcog\u00e9nures vitroc\u00e9ramiques conducteurs par ions Li<sup>+<\/sup> sont de plus en plus souvent propos\u00e9s pour le d\u00e9veloppement de batteries tout solide, car la pr\u00e9cipitions de cristallites dans le mat\u00e9riau chalcog\u00e9nure permet d\u2019am\u00e9liorer \u00e0 la fois sa conductivit\u00e9 \u00e9lectronique mais aussi sa stabilit\u00e9 \u00e9lectrochimique. Dans tous ces domaines la recherche, l\u2019activit\u00e9 est pilot\u00e9e par la d\u00e9couverte et l\u2019optimisation de nouveaux mat\u00e9riaux (nanocomposites, couches minces, vitroc\u00e9ramiques\u2026) permettant d\u2019augmenter<br \/>les rendements de la conversion \u00e9nerg\u00e9tique.<\/p>\n<p><\/p>\t\t\t\t\t\t\t\t<\/div>\n\t\t\t\t<\/div>\n\t\t\t\t\t<\/div>\n\t\t<\/div>\n\t\t\t\t\t<\/div>\n\t\t<\/section>\n\t\t\t\t<section class=\"elementor-section elementor-top-section elementor-element elementor-element-d91587d elementor-section-boxed elementor-section-height-default elementor-section-height-default\" data-id=\"d91587d\" data-element_type=\"section\" data-e-type=\"section\">\n\t\t\t\t\t\t<div class=\"elementor-container elementor-column-gap-default\">\n\t\t\t\t\t<div class=\"elementor-column elementor-col-100 elementor-top-column elementor-element elementor-element-07259d1\" data-id=\"07259d1\" data-element_type=\"column\" data-e-type=\"column\">\n\t\t\t<div class=\"elementor-widget-wrap elementor-element-populated\">\n\t\t\t\t\t\t<div class=\"elementor-element elementor-element-8d0d40d elementor-widget elementor-widget-text-editor\" data-id=\"8d0d40d\" data-element_type=\"widget\" data-e-type=\"widget\" data-widget_type=\"text-editor.default\">\n\t\t\t\t<div class=\"elementor-widget-container\">\n\t\t\t\t\t\t\t\t\t<p>image : \u00a9 Cyril FRESILLON\/INL\/CNRS Phototh\u00e8que<\/p>\t\t\t\t\t\t\t\t<\/div>\n\t\t\t\t<\/div>\n\t\t\t\t\t<\/div>\n\t\t<\/div>\n\t\t\t\t\t<\/div>\n\t\t<\/section>\n\t\t\t\t<\/div>\n\t\t","protected":false},"excerpt":{"rendered":"<p>La crise de l\u2019\u00e9nergie ainsi que les probl\u00e8mes \u00e9cologiques sont consid\u00e9r\u00e9s comme les d\u00e9fis parmi les plus importants de demain. Dans ce contexte, les mat\u00e9riaux chalcog\u00e9nures sont aussi tr\u00e8s \u00e9tudi\u00e9s et largement utilis\u00e9s afin de promouvoir un futur o\u00f9 seraient valoris\u00e9es les \u00e9nergies renouvelables limitant les rejets de CO2 (thermo\u00e9lectricit\u00e9, cellules photovolta\u00efques, batteries, \u2026).Dans le [&hellip;]<\/p>\n","protected":false},"author":2,"featured_media":0,"parent":0,"menu_order":0,"comment_status":"closed","ping_status":"closed","template":"","meta":{"footnotes":""},"class_list":["post-102","page","type-page","status-publish","hentry","entry"],"_links":{"self":[{"href":"https:\/\/gdrchalco.cnrs.fr\/index.php?rest_route=\/wp\/v2\/pages\/102","targetHints":{"allow":["GET"]}}],"collection":[{"href":"https:\/\/gdrchalco.cnrs.fr\/index.php?rest_route=\/wp\/v2\/pages"}],"about":[{"href":"https:\/\/gdrchalco.cnrs.fr\/index.php?rest_route=\/wp\/v2\/types\/page"}],"author":[{"embeddable":true,"href":"https:\/\/gdrchalco.cnrs.fr\/index.php?rest_route=\/wp\/v2\/users\/2"}],"replies":[{"embeddable":true,"href":"https:\/\/gdrchalco.cnrs.fr\/index.php?rest_route=%2Fwp%2Fv2%2Fcomments&post=102"}],"version-history":[{"count":19,"href":"https:\/\/gdrchalco.cnrs.fr\/index.php?rest_route=\/wp\/v2\/pages\/102\/revisions"}],"predecessor-version":[{"id":363,"href":"https:\/\/gdrchalco.cnrs.fr\/index.php?rest_route=\/wp\/v2\/pages\/102\/revisions\/363"}],"wp:attachment":[{"href":"https:\/\/gdrchalco.cnrs.fr\/index.php?rest_route=%2Fwp%2Fv2%2Fmedia&parent=102"}],"curies":[{"name":"wp","href":"https:\/\/api.w.org\/{rel}","templated":true}]}}